1 + 1 + -2.
7
Evaluate (-3 - ((-1 - 4) + (-25 - -21))) + 2.
8
Calculate 16 + -14 + (5 - (4 - 2)) + -4.
1
-50 + 41 + (2 - 6)
-13
What is (9 - (26 - 6 - -3)) + 6?
-8
8 + -9 + (-12 - 0)
-13
Evaluate 4 - (25 + 8 - (6 - -5)).
-18
What is 5 + (13 - (-6 - (11 - 22)))?
13
What is (40 - 43) + (-2 - -7) + 1?
3
Evaluate (-4 - (-3 + 4 - 4)) + -8 - -1.
-8
What is the value of 36 - (76 + -35) - (1 + 11 + -2)?
-15
Evaluate -33 + -1 - (6 - (20 - -1)).
-19
0 + -1 + -1 + (-26 + -3 - -59)
28
What is the value of 5 - ((-7 + 14 - -17) + -8)?
-11
What is 3 + (-22 - -11 - -3)?
-5
Calculate -8 + 1 + (8 - (13 - -6) - -8).
-10
What is the value of (12 + (6 - 9 - 2) - 9) + 15?
13
Calculate (-32 - -41) + -11 - (0 - 10).
8
What is the value of 5 + -9 - (-8 + 11)?
-7
Evaluate 6 + 2 - (7 - -8).
-7
Evaluate -32 + 18 + 27 + 2.
15
What is 12 + -12 + 8 + 0 + -3?
5
Calculate 0 - -4 - (71 - 63) - -9.
5
What is 2 - 4 - (-23 - (-4 - 14))?
3
What is the value of (-155 - -161) + -13 + 1?
-6
What is 21 - -9 - 11 - 28?
-9
What is -21 + (-9 - ((16 - 17) + 4))?
-33
-29 + -29 + 43 - 12
-27
What is the value of (-8 - 17 - -2) + 25 + -11?
-9
What is the value of (10 - (2 - -9 - -1)) + 4 + 8?
10
Calculate -2 + -6 + 7 + (-31 - -6 - -11).
-15
Calculate 11 - (5 + 0) - (0 + 3) - 1.
2
Calculate -15 - -4 - (13 - 5 - (-15 + 18)).
-16
Calculate (29 - 3) + 13 + -16 - 12.
11
Calculate (15 - 2) + -6 + (0 - 0).
7
What is 6 - (-14 + 2 + 10) - (-2 - 1)?
11
Evaluate (18 - (27 + 13)) + 17.
-5
What is the value of -29 + (11 - (-12 + 5))?
-11
(-3 - 4) + 15 + (-15 - -2)
-5
Calculate 6 + 2 + (-5 - (-3 + -2 + -1)).
9
What is the value of 14 - (-20 + 22 - -8)?
4
-938 + 937 - (23 + 0)
-24
What is 12 - 4 - (-19 + 5 - -11)?
11
What is the value of 17 + (6 - 33) - (0 + -22)?
12
14 - (-5 + -1 + 14 + -14)
20
What is the value of (0 + 2 + 4 - (-13 + 40)) + 4?
-17
Evaluate 5 + 2 + (-5 - (10 + -12)).
4
2797 - 2793 - ((1 - 0) + -3 + -28)
34
Evaluate 12 + -7 + -1 + 5.
9
Evaluate (1 - 4) + 41 + -63.
-25
What is the value of 1 - 17 - (1 + 3 + -15)?
-5
What is the value of 5 + (-5 - (29 + 0 - 14))?
-15
What is the value of (104 - 79) + -6 + (-2 - -7)?
24
Calculate (-2 - 2) + (4 - 7 - -7 - -2).
2
Evaluate (1 - 0) + (-18 + 28 - 6).
5
Evaluate -37 - (-50 + (24 - -13)).
-24
What is (0 + -6 - -1 - -7) + -10?
-8
What is (-2 + -2 - 0) + (-48 - -70)?
18
(0 - -5) + -25 + (-25 - -38)
-7
What is (-61 - -54) + 5 + 0 + 6?
4
What is -2 + 1 + (-137 - -126)?
-12
What is 4 - 2 - (7 + (-7 - (-12 - -6)))?
-4
Calculate (-10 - 16) + 15 + 14.
3
Calculate 15 + -5 + -2 - -4 - 8.
4
-11 + 2 + 9 - (-5 - 5)
10
Calculate (-2 - -1) + 7 - (6 + -33 - -34).
-1
Calculate (-13 + (-9 + 26 - 9) - 28) + 7.
-26
Evaluate (-19 - (4 - 5 - 6)) + 16.
4
What is -1 + 56 + (-39 - -5)?
21
Evaluate -1 + -4 + (17 - 20) - -8.
0
What is -7 + (20 - 13) - (-8 + 2) - -6?
12
Calculate 0 - (3 + -4 + 3).
-2
Calculate -12 + (-50 + 28 - -10).
-24
32 + 2 - (42 + (-50 - -10))
32
What is the value of (-10 - -7 - -1) + -4?
-6
What is 9 - (-3 + 25 - 8) - 10?
-15
What is -16 + -10 + 18 + (0 - -8)?
0
Calculate (1 - -1) + (-3 - 2) + (48 - 40).
5
What is the value of -10 + (11 - -9) - 11 - -9?
8
What is the value of (-6 - 0) + -12 + 21 - -10?
13
-610 + 611 - (-3 + -2 + -1 + 3)
4
Evaluate (4 - 9) + 9 + (12 + -17 - 31).
-32
Calculate (-8 - -6) + 9 + -11 + 19.
15
Calculate 6 - 24 - (-23 - 0).
5
Calculate -14 + 18 - (12 + 2) - 6.
-16
Calculate 22 + (-16 - (-15 + (0 - -9)) - -21).
33
Calculate 35 + -17 + 5 + -40.
-17
What is (-16 - (0 - (26 + -10))) + (-21 - -1)?
-20
-24 - (11 + -34) - 19
-20
Evaluate 3 + -5 + 0 + -2 + (90 - 75).
11
Evaluate 23 - ((67 - 19) + -26).
1
What is (8 - -1) + -6 + (18 - -4) - 11?
14
-18 + 29 + -2 - (47 + 0) - -9
-29
Calculate 63 + -4 + -72 + 35.
22
Evaluate 4 - (13 + -6 - -13) - (4 - 6).
-14
-4 + 13 - (-11 + -10 - -33)
-3
What is the value of (-12 - (-13 - -3)) + 8?
6
What is the value of 13 - -1 - (-4 + 6 - -33)?
-21
What is -11 + 18 + -9 - -6?
4
Calculate 3 + -5 + -2 + (4 - -2) + -13.
-11
What is the value of 6 + -22 + (4 + 2 - (5 - 0))?
-15
-11 + 12 + (10 + 1 - (34 + -31))
9
Calculate -23 + 2 + (43 - 31).
-9
-20 + (55 - 20) - 21
-6
Calculate (4 - (-17 + 23 + 1)) + 1 + 26.
24
(0 - (-4 + 8)) + (14 - 23)
-13
Evaluate -31 + (-20 + 10 - -25).
-16
-5 + (-6 - (-7 - 0)) - (-11 + -3)
10
(1 - 1 - (17 - 12)) + 7
2
What is the value of -17 - (2 - (5 - (-2 - -1)))?
-13
7 + (12 - 23 - 1) + (7 - 0)
2
Evaluate -9 + -1 - (-22 + -10 - -47).
-25
What is 2 + -1 - (25 + -29) - 32?
-27
What is the value of 2 + 12 - ((181 - 166) + 0 + -10)?
9
Calculate -6 + (6 - 14) - 1.
-15
What is 4 + 41 + -24 + (-9 - -2)?
14
What is (9 - (0 + 0)) + (8 + 2 - 10)?
9
What is -34 + 34 + 6 + 0 + -1 + -7?
-2
What is 7 + 1 + -3 + -6?
-1
Calculate -1 + -3 + -4 + (3 - 11 - -28).
12
Calculate 33 + (-18 - (-13 + 1)).
27
7 + (28 - 34 - 22)
-21
What is the value of -268 - -292 - (9 - 1)?
16
14 + 3 + 9 + (-11 - -5)
20
Calculate 24 - (5 - (13 + 5 + -24)).
13
Calculate 24 + 16 + -31 + (0 - 8) + 2.
3
What is -5 + (-16 + 8 + 8 - -2) - 4?
-7
Calculate 9 - (59 + -28) - -6.
-16
-3 + (1 - -2) + 10 + -7
3
What is -3 + (1 - -8) + (17 + -10 - 20)?
-7
Calculate -75 - -95 - (3 - -19).
-2
What is the value of -29 + 3 + (-3 - (-8 + (8 - 5)))?
-24
Evaluate -1 + 0 - 11 - (-20 + -28 - -46).
-10
What is the value of (30 - 27) + (4 - 33)?
-26
18 + (-24 - 7) + -17
-30
Calculate 0 - 7 - (-18 + (-10 - -25) + -44).
40
What is the value of 6 + 0 + -1 + -46 + 41?
0
What is the value of (-1 - (2 - -3)) + -1 + -7?
-14
What is -17 - -6 - (0 + 2 + -1 - -1)?
-13
Calculate (6 - (-1 + 11)) + 14 + -6 - -3.
7
What is the value of 3 + -2 + 2 - ((-15 - 0) + 21)?
-3
What is the value of 67 - 70 - (-1 + 7)?
-9
-93 + 99 - (-15 + 0)
21
Calculate -5 + -1 - -30 - (1 - (25 - 16)).
32
600 - 590 - (-16 - (0 + -2))
24
(-7 - (-8 + -3)) + 1 + 15
20
Calculate 12 - 1 - (-42 - (-16 - 36)).
1
What is the value of 7 + (-1 - 15 - 6) - (-5 + 0)?
-10
Calculate 151 + -136 + 1 + -1.
15
-6 - -1 - (5 + -29 - -8)
11
(6 + -6 + -10 - -19) + -8
1
91 + -80 + 0 + -3
8
What is (0 - -4) + 2 - (23 + 1 + -16)?
-2
Evaluate 32 + -5 + 5 + (-4 - -1) + 1.
30
What is (6 - 3) + 1 - (-44 + 71)?
-23
What is the value of -11 + (-4 + 1 - (-23 - -2))?
7
Evaluate (-4 - 5) + 5 + 1 + 0.
-3
What is ((1 - 1) + -2 - (-44 + 39)) + 0?
3
Calculate 5 + -13 + 2 + (18 - -5) + -4.
13
Calculate 14 + (2 - 18) + (55 - 68).
-15
9 - 19 - (-2 + -1 + 3)
-10
Evaluate 9 + -3 - (8 - 7 - (-10 - -1)).
-4
What is the value of 26 + -3 + (-19 - -5) - 7?
2
Evaluate -11 - (7 + (10 - 8) + -20).
0
(3 - (2 + -7)) + -11
-3
Evaluate -29 + (47 - 26) + 6.
-2
What is the value of -39 - ((-33 - -8) + 22)?
-36
What is the value of 0 + -11 + (-22 - (-36 + -28))?
31
What is 8 - (20 + -22) - 5?
5
Evaluate 4 - ((-1 - 2) + 8) - (-22 - -15).
6
What is 5 + (-30 - -15) - -2?
-8
What is the value of 4 + (-1 - 3) + (-2 + 12 - 1)?
9
What is 0 - (2 + -8 + 1) - 1?
4
-5 + -11 + 1 + 3 + 2 + 0
-10
What is the value of -14 - 16 - -23 - (-3 + (-9 - 4))?
9
Calculate 27 + -4 + -13 - 25.
-15
Calculate 20 + 40 + 3 + -32.
31
Evaluate (-28 - -26 - (8 + -1)) + 22 + -18.
-5
What is -10 + 18 + 8 + -2?
14
What is 7 + -31 + 9 + -6?
-21
Evaluate -13 - ((-13 - 2) + (58 - 45)).
-11
Evaluate -22 + 27 + -3 + -4 + 6.
4
-4 + (-2 - -3 - 6) - (-1 - -1)
-9
What is -10 + -9 + -2 + -6 + 5?
-22
What is the value of (-19 - -23) + 5 + -2?
7
Calculate (-17 + 2 - -7) + 17 - -1.
10
What is -13 + (-8 - -21) - 1?
-1
What is (-12 - -14) + -10 + 2 + -18?
-24
-8 - (1 - (37 + (-6 - (3 + -4))))
23
Calculate -18 - (12 + -21 + -1).
-8
What is 0 - ((-3 - 12 - 21) + 15)?
21
Evaluate -1 - -41 - (-1257 + 1275).
22
What is 30 - ((-12 - (-11 - -7)) + -7 - -7)?
38
Calculate -5 - (-9 + (-6 - (-4 - (-8 + 5)))).
9
Evaluate 4 + -19 + -4 - (2 - (-14 + 5)).
-30
What is 235 + -234 - (4 - -1)?
-4
What is the value of 7 - (-14 + (5 - -22))?
-6
What is the value of 0 + 8 - (-22 + -16 + 39)?
7
What is the value of -2 - 26 - (-1 + -13)?
-14
Calculate -12 + 12 + (11 - -4).
15
(-30 - (22 - 29)) + 26
3
Calculate 33 - (38 - (15 + -11)).
-1
What is (31 - (13 + 4)) + -10?
4
What is the value of 0 + 17 - (119 + -89)?
-13
What is 21 + -41 + 29 + -8?
1
What is (-16 - 14) + -40 + 51?
-19
Evaluate 5 - ((-3 - 8) + (20 - 12)).
8
Calculate 4 - (-2 + 1) - (1 + (-11 - -17)).
-2
What is -13 + (-2 - -10) + 53 + -54?
-6
Calcula